m - 2*o + 3*o = 200. Suppose 28*h = 23*h + m. Is (2722/(-8))/(1*h/(-32)) a composite number?
False
Let v(x) = 43*x + 133 - 89 + 19 + 71. Is v(35) a composite number?
True
Let v be ((-3)/(-2))/(27/4 - 6). Suppose -3*t + 18470 = v*t. Is t a prime number?
False
Let w(t) = 17*t**2 - 13*t - 9. Let v be w(-10). Let b = v - -692. Is b prime?
False
Let h(v) = 10 - 855*v + v**3 + 3*v**2 + 842*v + 7. Is h(6) a prime number?
True
Suppose 17*q = 30 + 55. Is (-12)/((-12)/3) - (-15040)/q prime?
True
Let m = 456 - 443. Suppose 0 = -m*b - 9*b + 130922. Is b prime?
False
Suppose 0 = -9*v + 10 + 26. Let m(r) = -18*r**3 + 10*r**2 + 4*r - 8. Let j(t) = 6*t**3 - 3*t**2 - t + 3. Let y(p) = 7*j(p) + 2*m(p). Is y(v) a prime number?
False
Suppose 5016 = f - 2*d + 1063, 3*d = -f + 3968. Is f prime?
False
Let a(t) = -2*t + 1. Suppose -2*y + 4*j - j - 11 = 0, 0 = 3*y - 3*j + 12. Let b be a(y). Is (113 - 2)*b/3 a composite number?
True
Suppose 97*v = 243*v - 6806374. Is v composite?
False
Let i = 708 + 54073. Is i prime?
False
Is (4/((-40)/(-711255)))/((-30)/(-320)*8) composite?
True
Let q(k) = k**3 + 7*k**2 - 10*k - 11. Let u be q(-8). Let a(z) = z - 19. Let p be a(u). Is (-3 - -96)/((-6)/p) prime?
False
Let p(x) = -4*x**3 - 2*x**2 - 3*x + 3. Let d be p(-2). Let c = d - 28. Suppose -z = -c*z + 6548. Is z a composite number?
False
Suppose 8*f - 9049134 = -94*f. Is f a prime number?
False
Suppose -22*o = 13*o - 4290895. Is o a prime number?
True
Let q = -56482 + 139761. Is q composite?
True
Is (-26417 - (1 - 1))/(-1) prime?
True
Let a(u) = 16*u + 87*u**2 - 189*u**2 + 2*u**3 - 26 + 95*u**2. Is a(9) a prime number?
True
Let f = 21 - 14. Let q(n) = 3 - f - 179*n - 9 + 146*n. Is q(-10) a composite number?
False
Suppose -u - 5*k + 24 = 0, 0*u - 2*u = k - 12. Let t be (-22)/8 + (-585)/(-156). Is t + (-3 + 2791)/u prime?
False
Suppose 3*r = -15, -304502 = -3*o + 3*r - 39350. Is o composite?
False
Let v be (-6)/14 + (-1530)/(-42). Let h be 3 + ((-1)/(-3))/(2/v). Let j(p) = 13*p**2 + 11*p + 7. Is j(h) prime?
False
Let c be -2*2/2 - -92. Let w = c - -56. Suppose 0 = -5*p + 3*y - 114 + 820, p + y - w = 0. Is p prime?
False
Let j(y) = -730*y**3 + 6*y**2 + 67*y - 59. Is j(-10) prime?
True
Suppose 3*g - 21 = -6. Let s(c) = 823*c - 14. Let o be s(g). Suppose 0 = 4*i - o - 463. Is i a composite number?
True
Let t be 4*(-3)/(-36)*-3. Let k(r) = -8*r**3 - r**2 + r + 1. Let n be k(t). Suppose 5*i = -4*v + 67, -n*i + v = -3*i - 62. Is i prime?
False
Let q(b) = 847*b**2 - 190*b + 2548. Is q(15) a prime number?
False
Let n be (-10)/((-70)/63) + -4. Suppose 0 = -n*d - 5*z + 93525, -2*d + 3*z = -1569 - 35821. Is d a prime number?
True
Let h(p) = -3*p + 59. Let c be h(15). Suppose -9*t = -6*t + 3*i, 4*i = 3*t - c. Suppose -3930 = -4*r + 3*m + 3413, t*r = -5*m + 3665. Is r composite?
True
Let n(j) = 141861*j + 22697. Is n(6) prime?
True
Let t be 2/((-35)/(-25) - 1). Suppose 0*d = t*d - 10. Suppose -3*z + 47 = -p, -4*p + 1 = d*z - 7. Is z a composite number?
True
Let y(a) = 2*a + 22. Let d be y(-9). Suppose 404 = 3*x + d*l + 140, 0 = l. Let w = 121 + x. Is w a prime number?
False
Let a(r) = 25*r**3 - r + 1. Let p be a(1). Suppose -3*w = p - 91. Suppose 3*b + 11 = j - w, 0 = 5*j + 5*b - 165. Is j composite?
True
Let o = 196 + -191. Suppose 4619 = -u + o*u - 3*d, -5*u + 5773 = -4*d. Is u a composite number?
True
Let j(s) be the third derivative of 311*s**5/5 + 13*s**4/24 - 17*s**3/3 + 44*s**2. Is j(3) a composite number?
True
Suppose -2*c + 717 = 111. Suppose -c - 324 = -11*x. Let f = x + 14. Is f a composite number?
False
Let g = -11868 - -11619. Let o(m) = -2153*m. Let s be o(-1). Let w = s - g. Is w composite?
True
Let s(l) = -80*l - 51. Let p be (-74 + 2)/3 - 1. Is s(p) composite?
False
Suppose -9*g - 2 = -65. Suppose 0 = 4*b - g*b + 12. Is (-3)/12 + (-20602)/(-8) + b a prime number?
True
Let i(l) = 654*l**2 + 147*l - 458. Is i(-25) composite?
True
Let z = -122899 + 583802. Is z a prime number?
True
Let r(l) = 2*l - 5. Let c be r(7). Let a(t) = 5*t + 2. Let y be a(-6). Is 42/y - c/(-2) composite?
False
Let x(a) = a - 2. Let v(l) = -6*l**2 - 13*l - 37. Let m(r) = -v(r) + 6*x(r). Is m(-28) a composite number?
True
Let j(b) = 240*b**2 - 20*b - 71. Suppose 32*a = 24*a - 40. Is j(a) composite?
False
Let f(a) be the third derivative of -a**6/120 - 17*a**5/60 - 5*a**2. Let q be f(-17). Suppose -k - 103 + 468 = q. Is k a prime number?
False
Let r be -6*7903/(-8) - 5/20. Suppose r + 3047 = 14*g. Is g composite?
False
Let p(v) = 573*v**2 - 211*v + 39. Is p(-16) prime?
False
Suppose 0 = -4*y - 4*t + 488536, 3*y - 2*t = 195024 + 171413. Is y prime?
False
Let f(h) = -263562*h**3 - 4*h**2 - 2*h + 1. Is f(-1) prime?
True
Is 0 + (-11)/33 + (-1825548)/(-18) prime?
True
Let u be (3/(-3))/((-18)/(-126)). Is (0 + 6143)/(u - -8) a prime number?
True
Let h(m) = 3*m**3 + 81*m**2 - 35*m - 93. Let x(t) = -2*t**3 - 81*t**2 + 34*t + 93. Let d(o) = -4*h(o) - 5*x(o). Is d(40) prime?
True
Let y = -3249 - -1134. Let g = y + 4568. Is g a composite number?
True
Suppose -5*a = -2*o + 1072, -2*a = -10*o + 14*o - 2216. Suppose 3*t = -2*t + 860. Let u = o + t. Is u a prime number?
False
Let x(f) = 163*f**2 - 24*f - 368. Is x(19) composite?
True
Suppose 0 = -9*f + 19 + 26. Suppose f*y - 2*w + 7320 = 2*w, 15 = 3*w. Let d = 4029 + y. Is d prime?
False
Suppose 0 = -20*c + 277784 + 1046996. Is c a composite number?
False
Let s be 24 + (6/(-12)*-4)/2. Suppose 0 = 3*a - y - 30796, -21*y + s*y + 51329 = 5*a. Is a prime?
False
Let o(q) = -515*q**3 + 2*q + 3. Let l be o(-2). Let y = -59 - -55. Is l/y*52/(-39) prime?
True
Let a(o) = -71*o**3 - 2*o**2 - o - 45. Let m be a(10). Let l = 107316 + m. Is l a composite number?
False
Suppose 458 = -8*g - 390. Let p = 121 + g. Is (-8 + 5)*(-170)/p prime?
False
Suppose 29 = b - 0*b + 2*y, -3*b + 96 = -3*y. Let g be 230 + 0 + 2 + 0. Let k = b + g. Is k prime?
True
Let m(s) = -8*s + 2. Let w be m(-3). Suppose -w = t - 33. Suppose -t*j + 10*j - 894 = 0. Is j composite?
True
Suppose -18*p + 19*p + 90660 = 61*p. Is p a prime number?
True
Is ((-147)/(-49) + (-2 - 126708/(-1)))/1 a composite number?
True
Suppose -q + 3*o = o - 221, 3 = -o. Suppose q + 858 = a. Is a a prime number?
False
Let s be 1/(-1)*20/(-2). Suppose -4*o = -3*a - 41, -2*o - 3*a + s = -a. Suppose -833 = v - o*v. Is v a prime number?
False
Suppose z - 59 = -288. Let f = -14 - z. Let m = f + 106. Is m a prime number?
False
Let n = 9636 - 3737. Suppose 2*g - n = -581. Is g a prime number?
True
Let n = 582706 - 342617. Is n a composite number?
False
Suppose -969 = -5*p + 851. Let z = -1665 + 2190. Let b = z - p. Is b composite?
True
Let c = 25815 + -16688. Is c prime?
True
Let g = 16413 - 8978. Is g a prime number?
False
Let z = 1522 + -1305. Is z composite?
True
Suppose 23*y - 24 = 21*y. Suppose -7*x + 16 = -y. Suppose 0 = 3*n - 5*h - 2834, 4*h - h - 3827 = -x*n. Is n a prime number?
True
Let m be (-3*4/3)/(-2). Suppose -5*x - m*o = -0*o + 1694, 0 = 5*x + 5*o + 1685. Is x/(-5)*17/4 prime?
False
Suppose 4*j + 501170 = 2*o, -4*o + 2*j - 180244 = -1182530. Is o a prime number?
False
Let s(j) = -3585*j - 1726. Is s(-33) a composite number?
False
Let w(o) = 10239*o**2 + 22*o + 82. Is w(-5) composite?
False
Let x(l) = 3*l + 7. Let z(r) = -r**3 - 11*r**2 + r + 8. Let n be z(-11). Let d be x(n). Is (-496)/d + (-8 - -11) prime?
True
Suppose 14 = -4*d - 2. Let b be (d/6)/(4/(-1194)) - 3. Suppose 648 + b = 4*c. Is c prime?
True
Let b = 57 - 41. Let o be 14/4 - 8/b. Is 582/(-9)*o/(-2) a prime number?
True
Let l be ((-3 + 5)*-6)/(-2). Let z(s) = -6*s + l - 3*s - 3 - 4. Is z(-10) a composite number?
False
Let x(b) = 3*b**2 + 3*b + 608. Let d be x(0). Let f = 473 + d. Is f composite?
True
Let m(d) = 51*d**3 + 87*d**2 - 10*d + 39. Is m(28) prime?
False
Let b be ((-10)/(-6) - -1)*(-27)/(-36). Suppose -b*u + 3571 = -3*p, u + p = -3*p + 1769. Suppose -u + 10771 = 10*m. Is m a prime number?
False
Suppose 14*g - 2837799 = 326579. Is g a composite number?
False
Let u(i) = -14 + 9 - 13*i**2 - 3*i**3 - 7*i**3 - 3*i. Is u(-8) a composite number?
True
Let b = -486420 + 1124621. Is b prime?
True
Is (-37)/185*(-192152 + -3) prime?
True
Let r(o) = 3*o + 23. Let j be r(-7). Let v be (5*j)/(-2*6/(-1194)). Suppose v = 5*g - 275. Is g a composite number?
True
Let v(g) = -5